divided by 38?
35
Calculate the remainder when 26374 is divided by 55.
29
What is the remainder when 108311 is divided by 24?
23
Calculate the remainder when 764612 is divided by 8.
4
Calculate the remainder when 12064 is divided by 11.
8
Calculate the remainder when 5489 is divided by 1719.
332
Calculate the remainder when 19296 is divided by 6373.
177
What is the remainder when 1982 is divided by 1977?
5
What is the remainder when 6768 is divided by 240?
48
What is the remainder when 10578 is divided by 527?
38
What is the remainder when 52782 is divided by 94?
48
What is the remainder when 24189 is divided by 30?
9
What is the remainder when 106751 is divided by 8?
7
What is the remainder when 19721 is divided by 1035?
56
What is the remainder when 56349 is divided by 663?
657
What is the remainder when 104031 is divided by 76?
63
Calculate the remainder when 30150 is divided by 1158.
42
What is the remainder when 1303 is divided by 67?
30
Calculate the remainder when 1572 is divided by 83.
78
What is the remainder when 30712 is divided by 487?
31
What is the remainder when 6970317 is divided by 315?
312
Calculate the remainder when 14905 is divided by 3716.
41
Calculate the remainder when 1066 is divided by 499.
68
What is the remainder when 20084 is divided by 102?
92
Calculate the remainder when 6775 is divided by 153.
43
Calculate the remainder when 5061 is divided by 509.
480
Calculate the remainder when 23831 is divided by 182.
171
What is the remainder when 24104 is divided by 49?
45
What is the remainder when 52287 is divided by 152?
151
What is the remainder when 3498 is divided by 127?
69
What is the remainder when 73920 is divided by 29?
28
What is the remainder when 5657 is divided by 83?
13
What is the remainder when 45548 is divided by 1628?
1592
What is the remainder when 113679 is divided by 153?
0
Calculate the remainder when 1065565 is divided by 71.
68
What is the remainder when 1132863 is divided by 11?
6
What is the remainder when 5277 is divided by 1398?
1083
What is the remainder when 8879 is divided by 2959?
2
What is the remainder when 15350 is divided by 764?
70
Calculate the remainder when 463645 is divided by 276.
241
Calculate the remainder when 280313 is divided by 174.
173
Calculate the remainder when 247111 is divided by 123552.
7
Calculate the remainder when 12076 is divided by 12054.
22
What is the remainder when 2592 is divided by 380?
312
What is the remainder when 759646 is divided by 328?
326
What is the remainder when 56589 is divided by 69?
9
Calculate the remainder when 4647 is divided by 1128.
135
What is the remainder when 7266 is divided by 158?
156
Calculate the remainder when 2712 is divided by 270.
12
Calculate the remainder when 5997 is divided by 84.
33
What is the remainder when 1521 is divided by 111?
78
What is the remainder when 19880811 is divided by 658?
657
Calculate the remainder when 48229 is divided by 24107.
15
What is the remainder when 951 is divided by 397?
157
What is the remainder when 4989 is divided by 1117?
521
What is the remainder when 3519 is divided by 62?
47
Calculate the remainder when 1645437 is divided by 853.
0
What is the remainder when 47679 is divided by 31?
1
Calculate the remainder when 9252 is divided by 147.
138
Calculate the remainder when 354007 is divided by 8634.
13
What is the remainder when 175612 is divided by 1311?
1249
What is the remainder when 38541 is divided by 12?
9
Calculate the remainder when 3085974 is divided by 371.
367
What is the remainder when 95088 is divided by 1419?
15
What is the remainder when 1810 is divided by 253?
39
What is the remainder when 29217 is divided by 35?
27
What is the remainder when 101831 is divided by 59?
56
What is the remainder when 24569 is divided by 558?
17
What is the remainder when 4551 is divided by 625?
176
Calculate the remainder when 42854 is divided by 44.
42
Calculate the remainder when 26494 is divided by 276.
274
Calculate the remainder when 1126671 is divided by 8.
7
What is the remainder when 55715 is divided by 28?
23
Calculate the remainder when 5279 is divided by 110.
109
Calculate the remainder when 16085 is divided by 161.
146
Calculate the remainder when 30286 is divided by 76.
38
What is the remainder when 23946 is divided by 1831?
143
Calculate the remainder when 1172 is divided by 44.
28
Calculate the remainder when 59995 is divided by 714.
19
Calculate the remainder when 44987 is divided by 23.
22
Calculate the remainder when 814237 is divided by 27.
25
What is the remainder when 404890 is divided by 134959?
13
Calculate the remainder when 1930444 is divided by 11.
10
What is the remainder when 40271 is divided by 25?
21
Calculate the remainder when 13332 is divided by 140.
32
Calculate the remainder when 53001 is divided by 14.
11
Calculate the remainder when 24692 is divided by 397.
78
Calculate the remainder when 7254 is divided by 43.
30
Calculate the remainder when 28631 is divided by 1444.
1195
What is the remainder when 390087 is divided by 796?
47
What is the remainder when 3812 is divided by 122?
30
What is the remainder when 7253 is divided by 3429?
395
Calculate the remainder when 22626 is divided by 121.
120
Calculate the remainder when 328 is divided by 223.
105
Calculate the remainder when 44738 is divided by 99.
89
What is the remainder when 4091 is divided by 94?
49
What is the remainder when 6908 is divided by 3168?
572
What is the remainder when 6696 is divided by 1352?
1288
Calculate the remainder when 212056 is divided by 81.
79
What is the remainder when 10858 is divided by 29?
12
Calculate the remainder when 2987 is divided by 96.
11
Calculate the remainder when 222678 is divided by 1602.
0
Calculate the remainder when 2958 is divided by 195.
33
Calculate the remainder when 418 is divided by 63.
40
Calculate the remainder when 24349 is divided by 8116.
1
What is the remainder when 14734 is divided by 95?
9
Calculate the remainder when 2911 is divided by 726.
7
Calculate the remainder when 61222 is divided by 30604.
14
Calculate the remainder when 17161 is divided by 126.
25
What is the remainder when 14033 is divided by 455?
383
What is the remainder when 6343 is divided by 264?
7
Calculate the remainder when 12580 is divided by 821.
265
What is the remainder when 37437 is divided by 12473?
18
What is the remainder when 11459 is divided by 11452?
7
Calculate the remainder when 26861 is divided by 146.
143
What is the remainder when 3376 is divided by 2530?
846
Calculate the remainder when 19931 is divided by 867.
857
What is the remainder when 72787 is divided by 50?
37
What is the remainder when 3481 is divided by 2119?
1362
What is the remainder when 2567 is divided by 2027?
540
Calculate the remainder when 3036249 is divided by 70.
69
What is the remainder when 226644 is divided by 125?
19
Calculate the remainder when 40002 is divided by 1594.
152
What is the remainder when 15419 is divided by 5013?
380
Calculate the remainder when 26832 is divided by 7.
1
Calculate the remainder when 778 is divided by 129.
4
What is the remainder when 280122 is divided by 15?
12
What is the remainder when 68839 is divided by 253?
23
What is the remainder when 80651 is divided by 43?
26
Calculate the remainder when 3111 is divided by 387.
15
Calculate the remainder when 52561 is divided by 13083.
229
Calculate the remainder when 180458 is divided by 211.
53
Calculate the remainder when 71 is divided by 43.
28
What is the remainder when 44978 is divided by 337?
157
What is the remainder when 109796 is divided by 95?
71
What is the remainder when 382970 is divided by 7092?
2
What is the remainder when 1482 is divided by 35?
12
What is the remainder when 172695 is divided by 50?
45
Calculate the remainder when 3415 is divided by 170.
15
What is the remainder when 1009286 is divided by 326?
316
Calculate the remainder when 20821 is divided by 22.
9
What is the remainder when 1709 is divided by 339?
14
What is the remainder when 85295 is divided by 499?
465
What is the remainder when 15479 is divided by 15445?
34
Calculate the remainder when 2442 is divided by 809.
15
What is the remainder when 7349 is divided by 71?
36
Calculate the remainder when 49019 is divided by 127.
124
C